 5 - 62/4*(-17 - -7)?
1
Suppose 2*d + 10 = -3*p, 6*p - 4*p - 2*d = 0. What is the tens digit of ((3 - 2) + -95)/p?
4
Let i be 87/(-7) - 16/28. Let p be (-6)/(-39) - (-288)/i. Let o = p + 41. What is the tens digit of o?
1
Let s(h) = h**3 + 10*h**2 + 8*h + 2. Let q = 33 + -41. Let m be s(q). What is the units digit of m*(-2)/4*-2?
6
Let v(i) be the third derivative of -i**5/60 + 7*i**4/24 + 73*i**3/2 - 18*i**2. What is the units digit of v(0)?
9
Let t(d) = d**2 + 17*d - 16. Let i be t(-19). Let v = 37 - i. What is the units digit of (3 - v/3) + 34?
2
Suppose -v - 204 = -p, 5*v + 7 + 3 = 0. Suppose 0 = 5*j + 53 + p. What is the tens digit of 2/((-6)/j*1)?
1
Let c = 15 + 3. Suppose 5*q - c = -3. What is the units digit of (-372)/(-30) + q/5?
3
Let a = 158 - 68. Let d be 28/42*a/4. Let j = 34 - d. What is the tens digit of j?
1
Suppose 3 + 5 = 4*y. Suppose 10 = y*i + 2. Suppose -3*z + b - 20 = -i*z, -3*z + 68 = b. What is the tens digit of z?
2
Let x = 43 + -70. What is the units digit of (-1749)/x - 2/(-9)?
5
Let m be 10/(-3)*441/42. Let v = 67 + m. What is the units digit of v?
2
Let i(g) = -g - 45. Let k(b) = -b. Let d(t) = 179. Let c(u) = d(u) - 5*k(u). Let o(y) = -2*c(y) - 9*i(y). What is the units digit of o(0)?
7
Suppose 252210 = 127*i - 141617. What is the hundreds digit of i?
1
Let j(y) = 2*y**2 + 4*y. Let b = 20 + -17. Let p be j(b). Let s = 36 + p. What is the units digit of s?
6
Suppose 0*u + 4*u + 5*k = -21, 0 = 5*u + k + 21. What is the tens digit of 3315/34 - (-2 + (-10)/u)?
9
Suppose 3*n = -5*f + 2 + 10, 2*n - 5*f + 17 = 0. Let w be 0 - (n - 0)*4. Suppose -w*o + 189 = -o. What is the tens digit of o?
6
Suppose -10*o + 50 = -0. Suppose -2*g = 5*z - 109 + 27, 4*g - o*z - 134 = 0. What is the tens digit of g?
3
Let m(a) = -3*a + 11. Let j be m(-7). Suppose -3 = 4*h - 11, -2*y - 4*h + j = 0. What is the units digit of y?
2
Suppose 4*z - 691 - 901 = 0. What is the tens digit of z?
9
Let h(a) = -a**3 - 9*a**2 - 4*a - 15. Let z(r) = -2*r**2 - r + 6. Let g be z(-3). What is the tens digit of h(g)?
2
Let z = -114 + 706. What is the units digit of z?
2
Suppose 58 = -2*i - 6. Let g be (-8)/i - (-203)/4. Suppose 0 = 2*a + 4*w - 30, 4*a + 4*w - g = 5*w. What is the units digit of a?
3
Let w(l) = 2*l - 8. Let h be w(6). What is the units digit of (h - -3) + 2 + -2?
7
Let x = 237 + -158. Let y = x + 70. What is the tens digit of y?
4
Let g(r) be the third derivative of -15*r**4/8 - r**3/2 - 21*r**2. What is the units digit of g(-1)?
2
Suppose 0 = 5*j + 2*o - 25, 4*j - 3*o + 2 + 1 = 0. Let b(l) = -l**3 + l**2 + 3. Let u be b(j). What is the tens digit of 3 + -1 - -2 - u?
1
What is the units digit of 911/4 + -1 + 25/20?
8
What is the tens digit of 11748/3 - 0 - -1?
1
Let v(t) be the second derivative of -8*t + 1/4*t**4 + 1/3*t**3 + 0 - 1/2*t**2. What is the units digit of v(1)?
4
Let f = 2816 + -1908. What is the tens digit of f?
0
Let l = -443 + 1941. What is the thousands digit of l?
1
Suppose 101 + 133 = 3*d. Let c = 143 - d. Suppose 0 = -3*t + 4*v + c, 58 = 3*t - 3*v - 11. What is the units digit of t?
7
Let y(t) = 28*t - 5. What is the hundreds digit of y(16)?
4
What is the units digit of 3/(9/731) + 2/6?
4
Let d = 4 + 1. Suppose 0*r - r + 8 = 3*f, -d*f + 2*r = -6. Suppose z = -z - 3*t + f, 0 = 2*z - 4*t - 2. What is the units digit of z?
1
What is the hundreds digit of (-2547)/15*(-90)/27?
5
Suppose 0*p = 4*p - 24. Let s = p - 3. Suppose 3*t - 15 = -s*k + 66, t + 5*k - 43 = 0. What is the units digit of t?
3
Suppose 20 = 5*i - 5*c, -5*c - 13 = i + i. Let a be i/(-2) - 161/(-14). Suppose -3*x + 3 = 0, -2*x = v - 0*x - a. What is the units digit of v?
9
Let g(u) = -256*u + 100. What is the hundreds digit of g(-2)?
6
Let r = -185 + 825. What is the units digit of r?
0
Let h(b) = -b**2 - b + 98. Let q be h(0). What is the tens digit of q/(-21)*(-13 + 1)?
5
Suppose -h + 8 = 3*k, 0 = -2*h - 3*k + 5 + 5. Suppose 8 = 5*m - h. Suppose 0 = m*u, u = 4*l + 6*u - 120. What is the tens digit of l?
3
Suppose -a + 3*w + 3605 = 3*a, 5*w = 3*a - 2712. What is the hundreds digit of a?
8
Suppose 3*t - 4*j = 59, 0 = -3*t - 2*t - j + 60. Suppose -3*d - b + 17 = b, 0 = -3*d - b + t. What is the units digit of d?
3
What is the units digit of 48 - 44 - -2629*1?
3
Let z(w) = -1. Let f(v) = -v + 23. Let t(o) = f(o) + 6*z(o). What is the units digit of t(0)?
7
Suppose 5*w - 27 = 2*h, 3*w - 8 - 5 = -2*h. Suppose -5*v = 5*y - 0*v - 325, -v = -2*y + 124. What is the units digit of (-4)/6*y*h?
2
Suppose 0 = l - 2*a + 2, a - 3 = -l + 1. Suppose -2*d - 5*o + l*o + 295 = 0, 3*d = -4*o + 441. What is the hundreds digit of d?
1
What is the tens digit of (404 + 13)/((-6)/(-6))?
1
Suppose -4 = -3*t + t. Let b(q) = -q**3 + 2*q**2 - 2*q + 1. Let r be b(t). What is the units digit of 6 + r/6*-2?
7
Let i be 4/(-24)*-4 + (-47)/3. What is the units digit of (344/10)/(0 - 6/i)?
6
Let g = -114 - -120. Suppose 2*r - 460 = 4*f - 2*f, 0 = 3*f - g. What is the hundreds digit of r?
2
Suppose -h = -3*h + 174. Suppose -2*l - 447 = -5*o, -l + h = o + l. What is the tens digit of o?
8
Let n(p) = p**2 + 2*p - 5. Let u be n(2). What is the units digit of (4 - 1)/(u/4)?
4
Suppose 40*p - 6097 = 27*p. What is the hundreds digit of p?
4
Suppose 0 = 4*q + 2*n - 7*n + 152, -5*q - 2*n = 190. Let y = -40 - -80. Let x = y + q. What is the units digit of x?
2
Let j = -2 - -4. Suppose -4*c = -j*h + 2 + 68, h - 23 = 5*c. What is the units digit of h?
3
Let n = -29 + 31. Suppose -5*w + n*w - t = -468, 3*w - 4*t - 453 = 0. What is the tens digit of w?
5
What is the units digit of -52*6/(-24) - -4?
7
What is the units digit of 89180/294 + 2/(-6)?
3
Let c = 85 - 80. Suppose -3*x + 494 + 113 = -5*d, -1024 = -c*x - 4*d. What is the hundreds digit of x?
2
What is the units digit of 4/(-22) - (-80320)/352?
8
Suppose 0 = -242*k + 238*k + 2936. What is the units digit of k?
4
Suppose -33*i = -46292 + 9464. What is the units digit of i?
6
Suppose -3*c = -0*c - 24. Let r = 61 - c. What is the tens digit of r?
5
Suppose -3*l = -23 - 58. Let n be 4 - (l + 0/(-2)). Let j = 26 + n. What is the units digit of j?
3
Let f(v) = v**3 + 13*v**2 - 12*v - 18. Let w be f(-13). Suppose -122 - w = -10*x. What is the tens digit of x?
2
Let z(n) = -197*n - 106. What is the tens digit of z(-4)?
8
Let k(w) = -2*w**2 + 9*w + 6. Let n be k(6). Let z(p) = p**2 + 2*p + 4. What is the hundreds digit of z(n)?
1
Suppose t - 14 = 169. Let v = t + -106. What is the tens digit of v?
7
Let k(m) = -1187*m + 147. What is the units digit of k(-2)?
1
Let u(k) = 57*k**2 - 1. Let q be u(-1). Suppose q - 152 = -3*o. What is the tens digit of o?
3
Let b(f) = -560*f + 22. What is the tens digit of b(-5)?
2
Suppose 0 = a - 2*b - 1905, 26*b = -3*a + 25*b + 5680. What is the hundreds digit of a?
8
Let k(w) = -w**2 - 57*w - 23. What is the hundreds digit of k(-25)?
7
Let l(v) = 506*v**2 + 31*v - 2. What is the thousands digit of l(2)?
2
Let d = -85 + 21. Let o = d + 115. What is the tens digit of o?
5
Let r be (-8)/(-1) - (-6)/(-2). Let f = r - -10. Let v = -2 + f. What is the units digit of v?
3
Let b = 328 - 230. Suppose 4*c = 26 + b. What is the tens digit of c?
3
Let c = -15 + 16. Let i be (c - 0) + (-16)/(-4). Suppose 0 = 2*b - 0*a - 4*a - 84, -i*b + 210 = a. What is the tens digit of b?
4
Let m(k) = -k. Let l(z) = -z**3 + 9*z**2 + 6*z - 6. Let d(b) = -l(b) - m(b). Let f be d(4). What is the tens digit of (f/5)/((-4)/10)?
4
Let d(m) = -m**2 - 22*m + 2. Suppose 40 = -4*x - 4*v - 20, -2*v = 8. What is the tens digit of d(x)?
2
Let u = 1739 - 1477. What is the units digit of u?
2
Suppose -6 = -4*h + 2*j, 4*h = 3*j - 0 + 7. What is the tens digit of (h - (-19)/(-4))/(5/(-120))?
9
Suppose 4*v + 8*t - 2874 = 6*t, -v - t + 717 = 0. What is the tens digit of v?
2
Suppose -1883 = -3*a + 793. What is the units digit of a?
2
Suppose -54*f + 29536 = -28*f. What is the tens digit of f?
3
Let y(z) = z**2 - 11*z. Let j be y(8). Let a = -19 - j. Suppose 5*g - c - 30 = 0, -2*g - 20 = 5*c - a. What is the units digit of g?
5
Let h(n) = -109*n + 31. What is the thousands digit of h(-18)?
1
Suppose -901 = 4*q + b - 2788, 2*q - b = 945. What is the tens digit of q?
7
Let c = 50 + -49. Let h(o) = 65*o - 2. What is the tens digit of h(c)?
6
What is the units digit of 184875/325